.
-11
Let b(u) = -u**3 + 3*u - 48. Determine b(-6).
150
Let r(b) = b**2 + 51*b + 329. What is r(-43)?
-15
Let b(x) = x**3 + 11*x**2 + 29*x + 45. What is b(-5)?
50
Let p(n) = n**3 + 27*n**2 + 18*n - 198. Determine p(-26).
10
Let z(s) = -s**3 - 5*s**2 - 26*s - 30. Give z(-5).
100
Let w(a) = 21178*a + 211790. What is w(-10)?
10
Let q(j) = 1007*j - 14101. What is q(14)?
-3
Let x(r) = -64*r - 20. Determine x(0).
-20
Let p(t) = 47*t**2 + 605*t - 98. Give p(-13).
-20
Let s(h) = -1427*h - 69920. Calculate s(-49).
3
Let l(w) = -278*w - 549. Give l(-2).
7
Let y(t) = 5*t**2 + 11*t + 20. Give y(-8).
252
Let d(l) = -l**3 + 7*l**2 + 35*l - 40. Calculate d(10).
10
Let k(h) = -h**3 - 26*h**2 + 163*h + 2209. Determine k(-29).
5
Let x(j) = -3*j**2 + 138*j - 556. Give x(4).
-52
Let d(t) = -5*t**3 + 17*t**2 - 46*t + 212. Determine d(4).
-20
Let i(u) = -731*u + 442. What is i(1)?
-289
Let r(p) = -p**3 - 13*p**2 - 22*p - 87. Give r(-12).
33
Let t(p) = -98*p - 5657. What is t(-56)?
-169
Let o(b) = -b**2 + 69*b + 212. Calculate o(-3).
-4
Let v(f) = 6*f**3 - 4*f**2 - 1018*f - 1017. Give v(-1).
-9
Let u(f) = -20*f**2 + 478*f - 5. Give u(24).
-53
Let g(l) = -4*l**3 + 16*l**2 + 5*l + 43. Give g(5).
-32
Let g(x) = -1592*x - 9531. Determine g(-6).
21
Let c(t) = 29*t**2 - 2060*t + 79. Determine c(71).
8
Let b(p) = 34*p + 780. What is b(-23)?
-2
Let t(n) = -n**3 + 8*n**2 + 12*n + 21. Give t(10).
-59
Let n(x) = -x**3 - 130*x**2 + 399*x - 8. Calculate n(-133).
-8
Let w(k) = 4*k + 82. Give w(-28).
-30
Let s(y) = -16*y + 299. Determine s(18).
11
Let h(g) = 11*g**2 + 111*g + 49. Calculate h(-10).
39
Let f(v) = -v**2 - 101*v - 1278. Calculate f(-86).
12
Let l(d) = 2*d**3 - 24*d**2 - 30*d + 11. Determine l(13).
-41
Let f(d) = 5*d + 202. Determine f(-46).
-28
Let k(g) = -21*g**2 - 328*g + 133. Calculate k(-16).
5
Let q(w) = 3*w**2 + 62*w - 527. What is q(-27)?
-14
Let v(q) = q**3 + 34*q**2 - 70*q + 68. Determine v(-36).
-4
Let s(u) = 24*u + 13. Calculate s(14).
349
Let j(x) = x**2 - 3*x - 101. Calculate j(-8).
-13
Let i(s) = -2*s**2 + 15*s - 3. What is i(6)?
15
Let v(u) = -u**3 - 24*u**2 - 6*u - 23. Determine v(-24).
121
Let s(y) = 4*y**2 + 68*y - 172. What is s(-19)?
-20
Let k(w) = 17*w - 118. Determine k(6).
-16
Let p(f) = -f**3 - 31*f**2 + 59*f + 775. Calculate p(-32).
-89
Let p(t) = 37*t - 14246. Give p(385).
-1
Let i(y) = -4*y**2 - 5*y + 27. Give i(-5).
-48
Let r(c) = 2*c**2 + 672*c + 6528. Determine r(-10).
8
Let l(q) = -306*q**2 + 2757*q - 23. Calculate l(9).
4
Let c(l) = -l**3 - 4*l**2 + 49*l - 21. What is c(5)?
-1
Let g(x) = x**2 + 47*x - 497. Determine g(-56).
7
Let d(i) = -2*i**3 + i**2 - 103*i - 218. Give d(-2).
8
Let o(u) = -2*u**3 + 8*u**2 + 15*u - 31. Determine o(8).
-423
Let x(t) = 2*t**3 + 139*t**2 + 78*t + 445. Determine x(-69).
-176
Let n(t) = 19*t + 270. Determine n(-11).
61
Let h(l) = 188*l + 933. Determine h(-5).
-7
Let g(k) = k**3 - 46*k**2 + 513*k + 46. Give g(27).
46
Let x(c) = -c**2 - 5*c + 933. What is x(28)?
9
Let o(c) = c**3 + 30*c**2 - 51*c - 130. Determine o(-32).
-546
Let v(d) = d**2 - 1302*d + 10355. Determine v(8).
3
Let b(w) = -w**2 - 10*w + 5. Determine b(-4).
29
Let c(o) = o**3 + 97*o**2 - 613*o + 519. Determine c(-103).
4
Let o(q) = q**3 + 36*q**2 + 139*q + 12. What is o(-4)?
-32
Let t(s) = 2*s**2 + 232*s + 2305. What is t(-105)?
-5
Let c(v) = 281*v + 2879. Calculate c(-11).
-212
Let u(r) = 2*r**2 - 13*r - 1. What is u(2)?
-19
Let h(v) = -v**3 - 12*v**2 + 13*v + 28. Calculate h(-13).
28
Let p(l) = -l**3 - 64*l**2 - 120*l + 256. Determine p(-62).
8
Let w(f) = 48*f - 188. Give w(3).
-44
Let v(p) = 10*p**2 - 62*p - 614. Determine v(-9).
754
Let f(h) = -765*h - 16063. Give f(-21).
2
Let m(r) = 4*r**2 + 8*r - 29. What is m(0)?
-29
Let t(h) = -h**3 - 8*h**2 + 7*h + 33. Calculate t(-5).
-77
Let b(m) = 28*m + 2100. Give b(-80).
-140
Let o(n) = 2*n**2 - 137*n - 88. Give o(62).
-894
Let g(f) = -20*f**3 + 346*f**2 - 102*f - 4. Determine g(17).
-4
Let m(i) = 2*i + 134. Give m(-66).
2
Let s(w) = -w**3 + 22*w**2 + w - 13. Determine s(0).
-13
Let k(v) = v**3 + 29*v**2 - 62*v - 1807. Calculate k(-29).
-9
Let w(l) = 17*l**2 + 6*l + 14. Determine w(5).
469
Let n(a) = -a**2 + 78*a - 982. Give n(17).
55
Let l(d) = -8*d + 587. Calculate l(6).
539
Let c(v) = -98*v + 17. What is c(1)?
-81
Let m(o) = -o**3 - 19*o**2 - 87*o + 463. Calculate m(3).
4
Let j(m) = -18*m - 172. Give j(-9).
-10
Let k(t) = t**3 - 10*t**2 - 33*t + 135. What is k(12)?
27
Let a(n) = 347*n - 3453. Determine a(10).
17
Let a(o) = o**3 - 12*o**2 + 4*o + 60. What is a(11)?
-17
Let o(z) = -4*z**3 + 39*z**2 + 29*z - 9. What is o(-1)?
5
Let s(y) = 402*y**3 + 4*y**2 + 3*y - 1. What is s(-1)?
-402
Let p(x) = x**3 - 64*x**2 - 439*x + 1328. What is p(70)?
-2
Let f(b) = -7*b**3 - 85*b**2 + 22*b + 411. Calculate f(-12).
3
Let v(a) = -a**2 + 3*a + 2957. Calculate v(56).
-11
Let p(u) = 25*u + 52. Give p(-6).
-98
Let m(w) = -81*w - 354. Determine m(-4).
-30
Let g(h) = h**2 + 3*h - 75. Calculate g(17).
265
Let k(r) = 146*r - 2267. Determine k(16).
69
Let l(z) = -3338*z + 16690. Give l(5).
0
Let o(u) = -5*u**2 + 276*u - 72. What is o(55)?
-17
Let f(x) = -14*x**2 - 18*x + 25. Determine f(1).
-7
Let d(s) = -31*s - 1443. Calculate d(-46).
-17
Let w(r) = -12*r**2 - 667*r + 667. Determine w(1).
-12
Let j(h) = -h**3 - 117*h**2 + 14*h + 1609. Give j(-117).
-29
Let d(i) = -i**3 - 40*i**2 + 548*i + 20793. Determine d(-41).
6
Let m(h) = -h**2 - 45*h + 770. Give m(-56).
154
Let o(p) = -51*p + 161. Determine o(3).
8
Let f(t) = -21*t**2 - 543*t - 543. Calculate f(-1).
-21
Let t(i) = i**2 + 65*i + 3. Give t(0).
3
Let s(t) = -19*t - 481. What is s(-44)?
355
Let v(a) = -2*a**2 - 42*a - 195. What is v(-11)?
25
Let m(f) = -f**3 + 4*f**2 - 4*f - 2. What is m(4)?
-18
Let h(y) = 36*y**2 - 142*y + 3. What is h(3)?
-99
Let x(r) = 27*r**3 + 3*r**2 - 8*r. Determine x(2).
212
Let c(k) = 36*k - 37. Calculate c(9).
287
Let c(d) = 6*d**2 + 964*d - 327. What is c(-161)?
-5
Let k(z) = 2*z**2 + 15*z + 58. Determine k(0).
58
Let f(o) = 536*o + 11809. Calculate f(-22).
17
Let y(a) = -30*a - 95. What is y(0)?
-95
Let a(d) = -73*d + 995. Give a(18).
-319
Let v(s) = s**2 + 50*s + 333. What is v(-7)?
32
Let u(d) = d**3 + 82*d**2 + 41*d + 3355. Give u(-82).
-7
Let b(p) = -139*p + 9985. Calculate b(72).
-23
Let q(c) = 111*c**3 + c**2 + 18*c + 19. Determine q(-1).
-109
Let c(i) = -305*i - 866. What is c(-3)?
49
Let a(t) = 361*t - 1516. Determine a(4).
-72
Let t(s) = 2*s**2 - 27*s + 90. Determine t(10).
20
Let x(o) = o**3 - 22*o**2 - 50*o + 9. What is x(24)?
-39
Let o(b) = -164*b - 812. Calculate o(-5).
8
Let q(a) = a**3 + 4*a**2 - a - 3. Calculate q(-2).
7
Let k(f) = 2*f**3 + 13*f**2 - 20*f - 54. Determine k(-6).
102
Let j(g) = -g**3 - 126*g**2 + 1069*g - 411. Give j(-134).
-9
Let c(n) = -10*n**2 + 64*n + 324. Calculate c(-3).
42
Let b(w) = -502*w + 3018. Give b(6).
6
Let p(f) = -f**2 + 15*f - 22. What is p(10)?
28
Let t(v) = 4*v**3 - 221*v**2 + 55*v - 43. Calculate t(55).
-43
Let k(u) = 3*u**2 - 51*u - 72. Calculate k(18).
-18
Let w(y) = -y**3 - 8*y**2 - 12*y - 70. Calculate w(-8).
26
Let o(w) = 17*w**2 + 90*w - 88. Determine o(1).
19
Let p(n) = 22*n**2 - 778*n - 510. Calculate p(36).
-6
Let x(z) = -2*z**3 - 2*z**2 + 35*z + 18. Calculate x(0).
18
Let l(s) = 72*s + 11342. What is l(-156)?
110
Let m(k) = -k**3 - 10*k**2 - 18*k + 20. Calculate m(-6).
-16
Let p(o) = 36*o**3 + o**2 - 7*o - 23. What is p(0)?
-23
Let c(j) = 17*j - 94. Give c(-18).
-400
Let f(g) = -3*g**3 - 106*g**2 - 229*g - 70. Determine f(-33).
-136
Let r(x) = 3*x - 39. Give r(-10).
-69
Let w(c) = -308*c + 1240. Calculate w(4).
8
Let s(y) = y**3 - 19*y**2 + 24*y - 92. What is s(18)?
16
Let j(s) = -16*s - 25. Give j(4).
-89
Let y(t) = t**3 + 9*t**2 - 14*t + 22. What is y(-10)?
62
Let w(u) = u**3 + 5*u**2 - 3*u - 27. Calculate w(-4).
1
Let g(u) = -80*u + 2788. Calculate g(35).
-12
Let v(f) = -57*f + 155. Determine v(1).
98
Let o(n) = -n**3 + 19*n**2 - 94*n + 2. Calculate o(9).
-34
Let g(w) = w**3 - 9*w**2 - 15*w + 165. Give g(8).
-19
Let g(v) = -v**2 - 70*v - 655. Determine g(-53).
246
Let j(r) = 1190*r - 4764. Determine j(4).
-4
Let b(m) = -112*m - 3040. Calculate b(-27).
-16
Let z(p) = 2*p**2 + 43*p + 193. Determine z(-13).
-28
Let j(s) = 216*s**2 - 8*s. What is j(1)?
208
Let r(w) = -2*w*